{"id":197,"date":"2017-04-19T19:06:39","date_gmt":"2017-04-19T17:06:39","guid":{"rendered":"http:\/\/www.ckziu-elektryk.pl\/nabor\/?page_id=197"},"modified":"2024-05-08T12:11:53","modified_gmt":"2024-05-08T10:11:53","slug":"terminy","status":"publish","type":"page","link":"https:\/\/nabor.ckziu-elektryk.pl\/?page_id=197","title":{"rendered":"TERMINY"},"content":{"rendered":"\t\t<div data-elementor-type=\"wp-page\" data-elementor-id=\"197\" class=\"elementor elementor-197\">\n\t\t\t\t\t\t<section class=\"elementor-section elementor-top-section elementor-element elementor-element-38ec4cc7 elementor-section-boxed elementor-section-height-default elementor-section-height-default\" data-id=\"38ec4cc7\" data-element_type=\"section\" data-e-type=\"section\">\n\t\t\t\t\t\t<div class=\"elementor-container elementor-column-gap-default\">\n\t\t\t\t\t<div class=\"elementor-column elementor-col-100 elementor-top-column elementor-element elementor-element-49e46a6f\" data-id=\"49e46a6f\" data-element_type=\"column\" data-e-type=\"column\">\n\t\t\t<div class=\"elementor-widget-wrap elementor-element-populated\">\n\t\t\t\t\t\t<div class=\"elementor-element elementor-element-204c0525 elementor-widget elementor-widget-text-editor\" data-id=\"204c0525\" data-element_type=\"widget\" data-e-type=\"widget\" data-widget_type=\"text-editor.default\">\n\t\t\t\t<div class=\"elementor-widget-container\">\n\t\t\t\t\t\t\t\t\t<p style=\"text-align: center;\"><strong>Nab\u00f3r do CKZiU &#8222;Elektryk&#8221; &#8211; terminy<\/strong><\/p><h4 style=\"text-align: center;\"><strong>Najwa\u017cniejsze informacje<\/strong><\/h4><ol><li>Z\u0142o\u017cenie wniosku o przyj\u0119cie <b>do oddzia\u0142u przygotowania wojskowego \u2013\u00a0od 15 maja 2024r do 29 maja 2024r do godz. 15.00<\/b><\/li><li>Przeprowadzenie pr\u00f3b sprawno\u015bci fizycznej I termin w <b>dniu 14 czerwca 2024r.\u00a0o godzinie. 9.00.<\/b><\/li><li>Przeprowadzenie pr\u00f3b sprawno\u015bci fizycznej II termin <b>02 lipca 2024r. o godzinie 9.00 <\/b>(dla kandydat\u00f3w, kt\u00f3rzy z przyczyn niezale\u017cnych od nich nie mogli przyst\u0105pi\u0107 do sprawdzianu lub pr\u00f3b sprawno\u015bci fizycznej w pierwszym terminie ).<p>W rekrutacji uzupe\u0142niaj\u0105cej w przypadku wolnych miejsc do oddzia\u0142u przygotowania wojskowego wyznacza si\u0119 dodatkowy termin pr\u00f3b sprawno\u015bci fizycznej <b>7 sierpnia 2024r. <br \/>o godzinie 9.00<br \/><\/b><\/p><\/li><li>Z\u0142o\u017cenie wniosku o przyj\u0119cie do wybranej przez Ciebie szko\u0142y \u2013 <b>od 15 maja do 21 czerwca 2024 r. do godz. 15.00. \u2013 do technikum.<\/b><\/li><li>Z\u0142\u00f3\u017c w wybranej przez Ciebie szkole \u015bwiadectwo uko\u0144czenia szko\u0142y podstawowej oraz wynik\u00f3w egzaminu \u00f3smych klas \u2013 <b>od 21 czerwca do 05 lipca 2024 r.\u00a011 lipca 2024 r. <\/b>w budynku A przy ulicy Ko\u015bciuszki 28 (parter) b\u0119dziesz m\u00f3g\u0142 sprawdzi\u0107, czy znajdujesz si\u0119 na li\u015bcie kandydat\u00f3w do wybranej przez Ciebie szko\u0142y.<\/li><li><b>Od 12 lipca do 16 lipca 2024 r. do godziny 15.00<\/b> musisz potwierdzi\u0107 wol\u0119 nauki <br \/>w wybranej przez Ciebie szkole sk\u0142adaj\u0105c orygina\u0142y dokument\u00f3w, 1 zdj\u0119cie i kart\u0119 zdrowia.<\/li><li><b>17 lipca 2024 r. <\/b>b\u0119dziesz m\u00f3g\u0142 sprawdzi\u0107, czy zosta\u0142e\u015b przyj\u0119ty do wybranej przez Ciebie szko\u0142y.<\/li><\/ol><p>Link do rejestracji kandydat\u00f3w w systemie elektronicznej rekrutacji \u00a0do szk\u00f3\u0142 ponadpodstawowych w Powiecie Nowosolskim<\/p><p style=\"text-align: left;\"><a href=\"https:\/\/ko-gorzow.edu.pl\/terminy-przeprowadzania-postepowania-rekrutacyjnego-i-uzupelniajacego-na-rok-szkolny-2024-2025\/\" target=\"_blank\" rel=\"noopener\">Terminy naboru<\/a><\/p>\t\t\t\t\t\t\t\t<\/div>\n\t\t\t\t<\/div>\n\t\t\t\t\t<\/div>\n\t\t<\/div>\n\t\t\t\t\t<\/div>\n\t\t<\/section>\n\t\t\t\t<section class=\"elementor-section elementor-top-section elementor-element elementor-element-8f489fe elementor-section-boxed elementor-section-height-default elementor-section-height-default\" data-id=\"8f489fe\" data-element_type=\"section\" data-e-type=\"section\">\n\t\t\t\t\t\t<div class=\"elementor-container elementor-column-gap-default\">\n\t\t\t\t\t<div class=\"elementor-column elementor-col-100 elementor-top-column elementor-element elementor-element-bdc01aa\" data-id=\"bdc01aa\" data-element_type=\"column\" data-e-type=\"column\">\n\t\t\t<div class=\"elementor-widget-wrap\">\n\t\t\t\t\t\t\t<\/div>\n\t\t<\/div>\n\t\t\t\t\t<\/div>\n\t\t<\/section>\n\t\t\t\t<\/div>\n\t\t","protected":false},"excerpt":{"rendered":"<p>Nab\u00f3r do CKZiU &#8222;Elektryk&#8221; &#8211; terminy Najwa\u017cniejsze informacje Z\u0142o\u017cenie wniosku o przyj\u0119cie do oddzia\u0142u przygotowania wojskowego \u2013\u00a0od 15 maja 2024r do 29 maja 2024r do godz. 15.00 Przeprowadzenie pr\u00f3b sprawno\u015bci fizycznej I termin w dniu 14 czerwca 2024r.\u00a0o godzinie. 9.00. Przeprowadzenie pr\u00f3b sprawno\u015bci fizycznej II termin 02 lipca 2024r. o godzinie 9.00 (dla kandydat\u00f3w, kt\u00f3rzy [&hellip;]<\/p>\n","protected":false},"author":2,"featured_media":0,"parent":0,"menu_order":0,"comment_status":"closed","ping_status":"closed","template":"","meta":{"footnotes":""},"class_list":["post-197","page","type-page","status-publish","hentry"],"_links":{"self":[{"href":"https:\/\/nabor.ckziu-elektryk.pl\/index.php?rest_route=\/wp\/v2\/pages\/197","targetHints":{"allow":["GET"]}}],"collection":[{"href":"https:\/\/nabor.ckziu-elektryk.pl\/index.php?rest_route=\/wp\/v2\/pages"}],"about":[{"href":"https:\/\/nabor.ckziu-elektryk.pl\/index.php?rest_route=\/wp\/v2\/types\/page"}],"author":[{"embeddable":true,"href":"https:\/\/nabor.ckziu-elektryk.pl\/index.php?rest_route=\/wp\/v2\/users\/2"}],"replies":[{"embeddable":true,"href":"https:\/\/nabor.ckziu-elektryk.pl\/index.php?rest_route=%2Fwp%2Fv2%2Fcomments&post=197"}],"version-history":[{"count":84,"href":"https:\/\/nabor.ckziu-elektryk.pl\/index.php?rest_route=\/wp\/v2\/pages\/197\/revisions"}],"predecessor-version":[{"id":618,"href":"https:\/\/nabor.ckziu-elektryk.pl\/index.php?rest_route=\/wp\/v2\/pages\/197\/revisions\/618"}],"wp:attachment":[{"href":"https:\/\/nabor.ckziu-elektryk.pl\/index.php?rest_route=%2Fwp%2Fv2%2Fmedia&parent=197"}],"curies":[{"name":"wp","href":"https:\/\/api.w.org\/{rel}","templated":true}]}}

<div data-elementor-type="wp-page" data-elementor-id="197" class="elementor elementor-197">
						<section class="elementor-section elementor-top-section elementor-element elementor-element-38ec4cc7 elementor-section-boxed elementor-section-height-default elementor-section-height-default" data-id="38ec4cc7" data-element_type="section" data-e-type="section">
						<div class="elementor-container elementor-column-gap-default">
					<div class="elementor-column elementor-col-100 elementor-top-column elementor-element elementor-element-49e46a6f" data-id="49e46a6f" data-element_type="column" data-e-type="column">
			<div class="elementor-widget-wrap elementor-element-populated">
						<div class="elementor-element elementor-element-204c0525 elementor-widget elementor-widget-text-editor" data-id="204c0525" data-element_type="widget" data-e-type="widget" data-widget_type="text-editor.default">
				<div class="elementor-widget-container">
									<p style="text-align: center;"><strong>Nabór do CKZiU &#8222;Elektryk&#8221; &#8211; terminy</strong></p><h4 style="text-align: center;"><strong>Najważniejsze informacje</strong></h4><ol><li>Złożenie wniosku o przyjęcie <b>do oddziału przygotowania wojskowego – od 15 maja 2024r do 29 maja 2024r do godz. 15.00</b></li><li>Przeprowadzenie prób sprawności fizycznej I termin w <b>dniu 14 czerwca 2024r. o godzinie. 9.00.</b></li><li>Przeprowadzenie prób sprawności fizycznej II termin <b>02 lipca 2024r. o godzinie 9.00 </b>(dla kandydatów, którzy z przyczyn niezależnych od nich nie mogli przystąpić do sprawdzianu lub prób sprawności fizycznej w pierwszym terminie ).<p>W rekrutacji uzupełniającej w przypadku wolnych miejsc do oddziału przygotowania wojskowego wyznacza się dodatkowy termin prób sprawności fizycznej <b>7 sierpnia 2024r. <br />o godzinie 9.00<br /></b></p></li><li>Złożenie wniosku o przyjęcie do wybranej przez Ciebie szkoły – <b>od 15 maja do 21 czerwca 2024 r. do godz. 15.00. – do technikum.</b></li><li>Złóż w wybranej przez Ciebie szkole świadectwo ukończenia szkoły podstawowej oraz wyników egzaminu ósmych klas – <b>od 21 czerwca do 05 lipca 2024 r. 11 lipca 2024 r. </b>w budynku A przy ulicy Kościuszki 28 (parter) będziesz mógł sprawdzić, czy znajdujesz się na liście kandydatów do wybranej przez Ciebie szkoły.</li><li><b>Od 12 lipca do 16 lipca 2024 r. do godziny 15.00</b> musisz potwierdzić wolę nauki <br />w wybranej przez Ciebie szkole składając oryginały dokumentów, 1 zdjęcie i kartę zdrowia.</li><li><b>17 lipca 2024 r. </b>będziesz mógł sprawdzić, czy zostałeś przyjęty do wybranej przez Ciebie szkoły.</li></ol><p>Link do rejestracji kandydatów w systemie elektronicznej rekrutacji  do szkół ponadpodstawowych w Powiecie Nowosolskim</p><p style="text-align: left;"><a href="https://ko-gorzow.edu.pl/terminy-przeprowadzania-postepowania-rekrutacyjnego-i-uzupelniajacego-na-rok-szkolny-2024-2025/" target="_blank" rel="noopener">Terminy naboru</a></p>								</div>
				</div>
					</div>
		</div>
					</div>
		</section>
				<section class="elementor-section elementor-top-section elementor-element elementor-element-8f489fe elementor-section-boxed elementor-section-height-default elementor-section-height-default" data-id="8f489fe" data-element_type="section" data-e-type="section">
						<div class="elementor-container elementor-column-gap-default">
					<div class="elementor-column elementor-col-100 elementor-top-column elementor-element elementor-element-bdc01aa" data-id="bdc01aa" data-element_type="column" data-e-type="column">
			<div class="elementor-widget-wrap">
							</div>
		</div>
					</div>
		</section>
				</div>

<p>Nabór do CKZiU &#8222;Elektryk&#8221; &#8211; terminy Najważniejsze informacje Złożenie wniosku o przyjęcie do oddziału przygotowania wojskowego – od 15 maja 2024r do 29 maja 2024r do godz. 15.00 Przeprowadzenie prób sprawności fizycznej I termin w dniu 14 czerwca 2024r. o godzinie. 9.00. Przeprowadzenie prób sprawności fizycznej II termin 02 lipca 2024r. o godzinie 9.00 (dla kandydatów, którzy [&hellip;]</p>
